se 8 = 7*o - 13. Determine y(o).
1
Let d(g) = 3*g**3 + 9*g**2 - g - 9. Let l(a) = -10*a**3 - 27*a**2 + 3*a + 28. Let i(u) = -7*d(u) - 2*l(u). What is i(-9)?
-2
Let v(d) = -d**3 + 17*d**2 + 8*d + 189. Let p be v(18). Let s(f) be the first derivative of -p*f + 1/2*f**2 - 1. Determine s(4).
-5
Let w(q) = 3*q**3 - 4*q**2 - 7*q + 6. Let j(s) = -s**3 + s**2 + s - 1. Let g(p) = 6*j(p) + w(p). Let i(y) = -2*y + 79. Let l be i(39). Calculate g(l).
-2
Suppose -3*g + 3*q + 3 = 0, 4*g - 13 = -g - 3*q. Let o(s) = -5*s**g + 9*s**2 - 4 - 4*s - s**3 + s**2 + 2*s**2. Give o(6).
8
Let h be (-68)/(-6) + (-50)/(-30). Let u(y) = -y + 2. Determine u(h).
-11
Suppose -4*v - 3*i = 2*i + 78, -3*v = 5*i + 61. Let h(z) = -2*z**2 - 34*z - 5. Give h(v).
-5
Let w(q) be the third derivative of -1/2*q**3 + 0*q + 1/60*q**5 + 0 + 12*q**2 - 1/8*q**4. What is w(3)?
-3
Suppose f - 3*b = -9, -5*b + 2*b = -5*f - 9. Let o(x) be the third derivative of 1/2*x**3 + 1/8*x**4 + 0*x - 1/60*x**5 + f - 6*x**2. What is o(3)?
3
Let g(z) = -2*z - 1. Suppose -2*d + 15 = d. Suppose 0 = -5*k + 2 + 3, -3*k - d = -2*q. Calculate g(q).
-9
Let o(h) = 4*h**3 - h**2 - 1. Let t(s) = -s**3 + 1. Let w(l) = o(l) + t(l). Let q = 39 + -38. What is w(q)?
2
Let a(v) = -v**3 + 9*v**2 - v - 4. Let b(x) = x**3 - 8*x**2 + x + 3. Let i(n) = -4*a(n) - 5*b(n). Suppose t - 3 - 1 = 0. What is i(t)?
-3
Let h(x) be the second derivative of -x**7/840 - x**6/90 - x**5/60 - x**3/2 - 6*x. Let l(w) be the second derivative of h(w). Give l(-3).
-3
Let v(q) = -q - 1. Suppose 5*g = -2*z + 13, -z + 0 = 1. Suppose 5*p - 5*n + 30 = 0, -5*p + n + g*n = 26. Give v(p).
1
Let y(f) = 2*f**3 + 47*f**2 - 19*f + 126. Let s be y(-24). Let r(j) = j**2 - 7*j - 3. Give r(s).
-9
Let s(h) = h**2 + 4*h + 3. Let l = -16 + -28. Let q = l - -39. Determine s(q).
8
Let l(b) = -3*b**2 + 3*b. Suppose 4*n + 3*s = 15, -s = -4 - 1. Suppose -57 = -3*j - n*j. Let r = j - 17. Calculate l(r).
-6
Let d(n) = 22*n - 55. Let g(h) = 6*h - 2. Let u(i) = -d(i) + 4*g(i). Give u(-21).
5
Suppose i - 28 = -3*i. Let a(m) = 2*m - 9 + 13 - 12. Determine a(i).
6
Let g(d) be the first derivative of -d**3/3 - 7*d**2/2 + 8*d + 75. Give g(-8).
0
Suppose 24*o - 80 = 32*o. Let l(v) = -v - 4. Give l(o).
6
Let s(f) = -f**2 + 0*f**2 + 2*f**2 + 1 + f. Let w(r) = r**3 + 7*r**2 - 4*r + 4. Let p(j) = -3*s(j) + w(j). Determine p(-5).
11
Let p = -74 + 44. Let h = p - -22. Let f(t) = t**2 + 6*t - 6. Give f(h).
10
Let u(p) = -4 + 5*p + 3 - 13*p + 0. Let v(y) = -2*y + 10. Let t be v(8). Let l = -4 - t. What is u(l)?
-17
Let m(x) = 13*x**3 + 3*x**2 + x + 29. Let t(v) = -3*v**3 - v**2 - 7. Let j(a) = 2*m(a) + 9*t(a). Let o be 2/3*(-1 - 5). Give j(o).
3
Let n = -7 - -10. Suppose -n*l + 20 = -l. Let t(c) = c**3 - 4*c**2 - 3 + l*c - 10*c - c. Determine t(4).
-7
Let j(c) = -2*c**3 + 3*c**2 - 2. Let p(w) = w + 1. Let o be p(-3). Let t(u) = u**2 - 2 - 36*u + 2 + 37*u. Let q be t(o). Give j(q).
-6
Let c(l) = 0 - l**3 - 4141*l**2 + 4137*l**2 + l + 3. Let u be (-8)/((-3)/((-6)/(-4))). Suppose u*s - 2*s + 6 = 0. Give c(s).
-9
Let w(r) = r + 1 + r + 0. Suppose 15 = 5*i - 3*q + 4, 3*i - 4*q = 0. Determine w(i).
9
Let m(l) = -l**3 - 18*l**2 - 16*l - 15. Let a(d) = 2*d**2 + d + 4. Let g(n) = 4*a(n) + m(n). Calculate g(-9).
28
Suppose 3*l = 4*z - 28, -2*l = -9*z + 11*z. Let k(s) = s**3 - 4*s**2 + s - 5. Determine k(z).
-1
Let g(t) = t**2 - 3*t - 2. Let n = -38 - -53. Suppose 2*l - n = c - 2, 4*l - 1 = -3*c. What is g(l)?
2
Suppose 3*v + 26 = -0*v + 5*l, 3*v + 3*l + 18 = 0. Let s be (2 + (-220)/35)*v. Let a = -32 + s. Let j(r) = 3*r + 1. What is j(a)?
-5
Let d(x) = 4*x**3 + 1. Let k = -29 + 32. Suppose 5*m + 6 = -b, -4*m = -2*m + b + k. Give d(m).
-3
Let i = -13 + 19. Let y(p) = 8*p**3 + 6*p**2 - 4*p + 5. Let v(x) = -x**2 + x - 1. Let o(m) = i*v(m) + y(m). Determine o(1).
9
Let x(h) be the first derivative of -h**4/4 - 10*h**3/3 + 4*h - 160. Let q = -20 + 10. What is x(q)?
4
Let y = -5 + 11. Let k(l) = -9*l + 1 + 5*l + y*l - 10*l**3. Calculate k(-1).
9
Suppose 13*q - 77 = -25. Let r(n) = n**2 - n - 4. Give r(q).
8
Let q be 3/4 - 104/(-32). Suppose -5*s - v + 18 = -2*s, 0 = -q*s + v + 17. Let r(g) = -49 + 4*g**2 + 60 + 3*g - g**3 - 9. Give r(s).
-8
Let x(q) = -13*q - 8 - 6*q + 28*q - 10*q. Calculate x(0).
-8
Suppose 5*n + 3*y = 3, 3*y - 2 = -2*n + 1. Suppose 4*d + 20 = 2*a, 5*a = -0*a - 5*d - 25. Let i(w) = 2 + a*w**2 + 32*w - 31*w + 4 + w**2. Calculate i(n).
6
Let z(x) be the second derivative of x**6/120 - x**5/20 - 7*x**4/24 - x**3/6 - 7*x**2 - 30*x. Let j(u) be the first derivative of z(u). What is j(5)?
14
Let h(j) = 3*j**2 - j - 1. Let d be h(-1). Let w(t) = t + 9. Let n(l) = -l - 10. Let r(y) = d*n(y) + 4*w(y). Let k be (0*10/(-90) - -1) + -7. Determine r(k).
0
Let a(s) = s**2 - 10*s - 5. Suppose -8 = 3*w - w, 0 = 2*v - 4*w - 38. Calculate a(v).
6
Suppose 8*x + 12 = 28. Let v(r) be the first derivative of -3 + 1/4*r**4 - 3/2*r**x + 3*r + 2/3*r**3. Determine v(2).
13
Suppose 3*b + 6*m - 3*m = -54, 0 = -4*b + 2*m - 48. Let u = b + 10. Let v(w) = -w - 1. Let f(a) = 7*a + 8. Let q(g) = f(g) + 5*v(g). Calculate q(u).
-5
Let z be (-2)/(-3)*9/(-1). Let w(m) be the third derivative of -m**5/60 - m**4/8 + m**3/3 + 3*m**2. Give w(z).
-16
Let d = -7 - 9. Let i = d + 14. Let v(z) = 3*z - 2. Determine v(i).
-8
Let c(s) = s**2 - 5*s + 3 - 3*s + 4*s. Let f = 36 - 32. Let o(w) = w**2 - 2*w - 6. Let a be o(f). Determine c(a).
-1
Suppose h - 2*h + 4 = o, 2*o = 4*h - 4. Let m(w) be the third derivative of -5/6*w**3 - 1/12*w**4 + 0*w + w**h + 1/12*w**5 - 1/120*w**6 + 0. What is m(4)?
3
Let u(v) = v. Let l = -8 + 2. Let f(g) = -4 + 7 + 1 - 5*g + 1. Let z(r) = l*u(r) - f(r). Calculate z(7).
-12
Let w(q) be the second derivative of q**3/3 - 2*q**2 + 2*q. Let a(i) = 11*i + 36. Let y be a(-3). Determine w(y).
2
Let n(r) be the third derivative of r**5/30 + 5*r**4/24 - 2*r**3/3 - 6*r**2. Let g = -558 + 554. Calculate n(g).
8
Let d(j) be the second derivative of -j**4/6 + j**3 - 2*j**2 + 69*j. Determine d(4).
-12
Let j(g) = -2*g**2 - 18*g - 1. Let w(f) = -33*f - 75. Let a be w(-2). Give j(a).
-1
Suppose 0 = 6*h + 6*h - 108. Let a(b) = -b + 10. Determine a(h).
1
Suppose 4*f = -y - 152, 3*y - 4*f + 5*f = -456. Let q = y + 149. Let l(t) = t**2 + 4*t - 1. What is l(q)?
-4
Let z(u) = -43 + 2*u - 27 + 68. Determine z(1).
0
Let s(v) = -v**3 + 6*v**2 + 4. Let f(c) = 4*c - 6*c**2 - 24 - 2 + 8 + c**3. Let g be f(6). What is s(g)?
4
Let p(f) = 5*f**2 - f + 1. Let w(d) = -d**3 + 6*d**2 + 16*d + 12. Let r be w(8). Suppose r*q = 9*q + 3. Give p(q).
5
Let r = 29 - 33. Let l(j) be the first derivative of -5*j + 1 - 3/2*j**2. Calculate l(r).
7
Let w = 0 + 1. Let q = 4 + w. Let z(c) be the first derivative of c**2/2 - 3*c - 3. Determine z(q).
2
Let r(v) = v**2 + 5*v + 8. Let x(a) = a**2 + 4*a + 7. Suppose -18 = -4*j + 7*j. Suppose -47 = -5*f - 12. Let m(h) = f*x(h) + j*r(h). Give m(3).
4
Suppose -5*h + 5*w - 15 = 0, 9 = 3*h + 3*w + 24. Let o be (7/(-2))/(9/(-18)). Let q(y) = o*y**2 - 5*y - 16*y**2 + 3*y**2 + 1 - y**3. Give q(h).
-11
Let o(v) = v + 2. Suppose -11 = -2*w + c, -6*w + 3*w + 2*c + 15 = 0. Determine o(w).
9
Let z(h) be the first derivative of -h**3/3 - 3*h**2 + 13*h - 160. Give z(-8).
-3
Let d(i) = -7*i**3 + 2*i**2 + i + 8. Let f(p) = p**3 - p**2 - 2. Let y(r) = -d(r) - 5*f(r). Give y(-3).
-22
Let m(g) be the first derivative of -g**4/4 + g**3 + 3*g**2/2 + 3*g - 223. Give m(4).
-1
Let m(v) = -v. Let r(a) = a**2 - 3*a - 5. Let w(k) = 3*m(k) - r(k). Let f be (-46)/(-10) + 84/(-140). Calculate w(f).
-11
Suppose n - 2 = -0*n. Let f(l) = -2*l**n + l**2 + 9*l**2 - 4*l - 9*l**2. Calculate f(-5).
-5
Let r(c) = c**2 - 19*c + 16. Suppose -26*t + 915 - 473 = 0. Determine r(t).
-18
Let d = -2 - -3. Let k(m) = -d + 0*m**2 + 6*m - 2*m**2 + 3*m**2. Suppose -89 = 15*b - 14. Determine k(b).
-6
Let m(k) = k**3 - k**2 + k + 10. Suppose 3*n + 4 = 7*n. Let g(s) = 2*s**2 - 5*s - 5*s**3 - 41 + n + 3*s**2. Let w(c) = 2*g(c) + 9*m(c). Determine w(0).
10
Let a(r) = -4*r**2 + 16*r**2 - 6*r**3 + 8*r**2 - r**3 + 13 - 19*r + 6*r**3. Give a(19).
13
Suppose 0 = -y - 4*j - 0*j - 4, 2*j = -4. Suppose q = y*q. Let d(k) = k**2 - k. Calculate d(q).
0
Suppose 0 = -6*m + 4*m + 14. Let q(d) = 6*d**2 - m - 2 + d - 7*d**2 + 2. Suppose 4*f + 4*h + h = 10, -8 = -4*h. What is q